**2/2 - 10*s - 23. Determine a(6).
-4
Let k(s) = -s**2 + 11*s - 7. Let w(i) = -i**3 - 10*i**2 - 17*i - 62. Let p be w(-9). Determine k(p).
3
Let n(d) = d + 1. Let z(r) = r**2 - 10*r - 8. Let h(x) = -2*n(x) - z(x). What is h(8)?
6
Let q(i) = i**2 - 1. Let x(v) = v**3 + 2*v**2 + 2. Let g(j) = 4*q(j) + x(j). Let r = -98 - -92. Calculate g(r).
-2
Let p(f) = f + 4. Let o(y) = 1 - 3 + 1 + 2. Let a(j) = 2*j + 6. Let r(v) = a(v) + 2*o(v). Let b(g) = 5*p(g) - 2*r(g). What is b(0)?
4
Let y(j) be the third derivative of -j**6/120 - 2*j**5/15 - 7*j**4/12 - 4*j**3/3 + 79*j**2. What is y(-6)?
4
Suppose -8 = 4*l - 8*l. Let z(j) = -j**3 + 9*j**2 + 9*j + 6. Let t(n) = -n**3 + 8*n**2 + 8*n + 7. Let c(p) = l*z(p) - 3*t(p). What is c(7)?
-2
Let j be 15 - (-240)/(-8) - (0 - -1). Let v(p) = 2*p + 33. Calculate v(j).
1
Suppose -13*c = -11*c. Let h(y) be the third derivative of -1/4*y**4 + 1/120*y**6 + 8*y**2 + c*y + 1/12*y**5 + 0 - 7/6*y**3. Calculate h(-6).
-7
Let a(j) = -j**2 - 7*j + 7. Let y(v) = v**2 + 8*v - 8. Let l(b) = -3*a(b) - 2*y(b). Let i = -45 - -70. Suppose -2*p - i = 3*p. Calculate l(p).
-5
Let m = -337 - -347. Let k(a) = a - 23. Give k(m).
-13
Let v(y) = y**2 + 7*y. Let s be (1/2)/(3*(-3)/(-144)). Suppose -16 - s = 3*t. Determine v(t).
8
Let m(j) = 3 - 1 + 0 - 3. Let n(b) = b + 2. Let l(r) = -3*m(r) - n(r). Calculate l(5).
-4
Let a(b) = -138*b**2 + 6*b + 28. Let q(t) = -44*t**2 + 2*t + 9. Let w(v) = -6*a(v) + 19*q(v). Calculate w(-1).
-7
Suppose 26*v = 80 - 28. Let j(d) be the first derivative of -1/4*d**4 + 4/3*d**3 + 10 + v*d - 2*d**2. Determine j(3).
-1
Suppose 2*p + 22 = 2*h, -3*p + 8*p = 3*h - 43. Let d(r) = -13*r + 2 + 2 + 3*r + 8*r - 2. What is d(h)?
-10
Let t(j) = -j**3 + 9*j**2 + 10*j - 10. Let z be t(10). Let h be 2 + z/2 + -1. Let o(f) be the second derivative of f**3/3 + 5*f**2/2 + 3*f. Give o(h).
-3
Suppose t + 19 - 13 = 0. Let m(i) = 0*i**2 + 7 - i**2 + 2*i**2 + 8*i. Give m(t).
-5
Suppose -3*w = 3, -2*z - w - 11 = -0*z. Suppose -18 = -t + 3*g, -t + g = -0*g - 10. Let s(l) = -776*l + 385*l + 388*l + t - 6*l**2 - l**3. What is s(z)?
-4
Let h(s) = s**3 + 7*s**2 + 5*s - 5. Let b be ((-6)/(-5))/(2*(-3)/30). Give h(b).
1
Let n(t) = -t - 8. Let s(h) = -4*h + 10. Let v(o) = -3*o + 11. Let q(m) = 5*s(m) - 6*v(m). Let i(u) = 9*n(u) - 4*q(u). Calculate i(-6).
-2
Suppose r + 2 = 10. Let o(y) = 1 + r*y - 4 - y**2 + 0 - 4. What is o(5)?
8
Let o(i) = -i + 3. Let h be o(0). Let f(m) = -m**2 + 7*m**2 - 3*m**2 - 2*m - h - 2*m. Let a(u) = -7*u**2 + 9*u + 6. Let t(w) = 2*a(w) + 5*f(w). Determine t(-2).
5
Let x(b) = -2*b + 7. Let a(j) = -2*j**2 + 47*j + 31. Let r be a(24). What is x(r)?
-7
Let r(a) = -a - 1. Let y = -12 + 13. Suppose -y = 5*o + 19. Determine r(o).
3
Suppose -12 = 3*n + 4*p - 3, 2 = -2*n - 4*p. Let w(q) = -2*q**2 - 10*q + 2. What is w(n)?
-26
Let l be ((-1)/3*0)/(-2). Let f = -54 + 56. Let a(s) = 5*s**2 + 4*s + 17. Let v(d) = d**2 + d + 4. Let y(p) = f*a(p) - 9*v(p). Calculate y(l).
-2
Let j(p) = -p**2 - 6*p + 8. Let k(f) = f**3 - 9*f**2 - 36*f + 254. Let y be k(10). Give j(y).
8
Let s = 466 - 472. Let t(q) = -q**3 - 6*q**2 + 2*q + 7. Give t(s).
-5
Suppose -5*x - 77 - 148 = 0. Let q = -43 - x. Let o(k) = -6*k + 2. Determine o(q).
-10
Let l(k) = 23*k**3 - 7*k**2 - 5. Let i be (2 + 3)*(-60)/(-50). Let z(r) = 46*r**3 - 13*r**2 - 9. Let v(x) = i*z(x) - 11*l(x). Calculate v(-1).
-23
Let u(p) = 3*p**2 - 2*p**3 + 6*p - 13 + p**3 + 7. Calculate u(5).
-26
Let q(o) = -o**3 - 3*o**2 + 2. Let c be q(-4). Let w(b) = b - 19 - 2*b**2 + c + 0*b. Determine w(3).
-16
Let y(l) be the first derivative of -l**5/20 - l**4/6 + l**3/6 + l**2 - 28*l + 51. Let h(f) be the first derivative of y(f). Give h(-3).
8
Let t(b) = 7*b**3 - 10*b - 10. Let c(x) = -2*x**3 - x**2 + 4*x + 1. Let y(n) = 4*c(n) + t(n). Give y(-5).
-11
Let c(n) = -13*n - 9. Let w be c(-3). Let y be (w/9)/(-5)*-3. Let s(d) = 13*d**2 - 2*d**3 + 0*d + 4 - 18*d**y - 2*d. Calculate s(-3).
19
Suppose -3*o - 3*m - 9 = 0, -2*o - m - 3*m - 16 = 0. Let q(w) = 5*w - 2 + o*w + w**2 - 3*w. Suppose -5*g = 0, -8 = l + l + g. Give q(l).
-2
Let i be -1098 + 1123 - (25 + -1). Let a be 2/(-5)*-1*5. Let l(h) = 5*h**3 + a + 2*h - 3 + h**2 - 2*h**2. Calculate l(i).
5
Let p(b) be the third derivative of -b**5/60 - 23*b**2. Let k be 0 + 2 + 2/2. Give p(k).
-9
Suppose 21 = -6*n + 9*n. Suppose 2*j = 1 - n. Let m(w) = 2*w**2 + 3*w - 1 - 3*w. Determine m(j).
17
Suppose 22 = -15*o + 127. Let j(l) = -l**2 + 10*l - 10. Determine j(o).
11
Let q(w) be the first derivative of w**4/4 - 4*w**3/3 - 2*w**2 + 3*w + 5. Suppose 3*t - t = 20. Suppose -10 - t = -4*h. Calculate q(h).
8
Let u(r) = -10*r + 1. Let s(a) = 5*a + 2. Let y(f) = -s(f) - u(f). Calculate y(5).
22
Suppose 3*v - 69 = -111. Let b(o) = o**2 + 13*o - 14. Give b(v).
0
Let q(x) be the second derivative of 1/2*x**2 + 35*x + 0 - 1/12*x**4 + 0*x**3 - 1/10*x**5. Calculate q(-2).
13
Let u(x) = -6*x**3 + 15*x**2 - 16*x + 6. Let s(q) = -q**3 + 3*q**2 - 3*q + 1. Let j(o) = -11*s(o) + 2*u(o). Calculate j(-4).
13
Let b = -30 + 42. Suppose -u = -2*u + b. Let j(p) = p + 2*p + p**3 + 6*p**2 - 3 + u - 8*p. Determine j(-7).
-5
Let x(r) = 2*r - 4. Let h(d) be the first derivative of -d**3/3 + 9*d**2/2 - 13*d + 11. Let y be h(6). What is x(y)?
6
Let c(a) = a**3 - 6*a**2 - 5*a - 5. Let b = 36 + -30. Suppose 2*f - 11 = -s, b*s + 5*f - 38 = 2*s. Calculate c(s).
9
Let p(t) be the third derivative of t**8/20160 + t**7/840 - 11*t**5/60 + 21*t**2. Let n(y) be the third derivative of p(y). Calculate n(-5).
-5
Suppose -2*p - 1 - 1 = 0. Let u(a) = -46*a - 24*a + 8*a**2 + 69*a. Give u(p).
9
Let r = -8 + -34. Let o be (-11)/2 - 63/r. Let m(u) = -20*u + 22*u - u**2 + 2*u**2 - 3. What is m(o)?
5
Suppose -2*p - 84 = -5*p. Suppose 3*u = -2*v + 2, 2*u - p = 5*v - v. Suppose 4*n + u = 3*n. Let m(b) = 2*b + 2. What is m(n)?
-6
Suppose -4*u + r - 12 = -1, u + 8 = -5*r. Let o(n) = 11*n + 0 + 1 - 12*n. Let s(x) = -2*x + 2. Let c(f) = -3*o(f) + 2*s(f). Determine c(u).
4
Let d(w) = w**3 + 5*w**2 + 3*w + 1. Let r(g) = g + 6*g - 4 - g**2 + 2*g. Let k be r(8). Suppose 6 = -k*n - 6. Determine d(n).
10
Suppose -3*u = 3*w - 21, -3*u + 2*w + 19 = 3*w. Let r be (3/(-2))/(u/16). Let g be 63/(-36) + 1/r. Let q(s) = -s**3 - s**2 - 3*s - 3. Calculate q(g).
7
Let x(r) = -r**3 + 5*r**2 + r - 9. Let c(y) = 2*y**2 + 20*y + 53. Let o be c(-6). Determine x(o).
-4
Let d(z) = z - 11. Suppose 0 = u + 2 - 7, 0 = -2*k + 4*u - 36. Determine d(k).
-19
Let x(a) = -2*a**3 - a. Let c be (1 + -2)*(-172)/4. Suppose 2*h - 2*s = 7*h - 20, 3*h - 5*s - c = 0. Let w be (h/(-12))/(1/4). Calculate x(w).
18
Let s(x) be the third derivative of x**6/120 - 5*x**3/3 - x**2 - 8*x. What is s(0)?
-10
Let p(d) be the third derivative of d**8/6720 - d**7/630 + d**6/360 + 37*d**4/24 - 12*d**2. Let u(j) be the second derivative of p(j). What is u(4)?
8
Let j(g) = g**2 - 8*g - 11. Let u be j(9). Let a be 5 + 9/6*u. Let q(f) = -4 - 14*f**a + 3 - 3*f + 12*f**2. Give q(-2).
-3
Let z(v) be the second derivative of -v**3/6 + 2*v**2 - 23*v. Suppose -3*s + o + 10 = 0, -6*o = -5*s - 2*o + 19. What is z(s)?
1
Let j(v) = -v**2 + 6*v - 3. Suppose -4*y - 3*y = -21. Suppose -y*x - 1 = -10. Determine j(x).
6
Let p(z) be the third derivative of -z**5/60 - z**4/24 + 2*z**3 + 30*z**2. Let s(x) be the first derivative of p(x). Calculate s(7).
-15
Let f(k) = -k**2 - 27*k - 92. Let j be f(-23). Let m(g) be the second derivative of 4*g - g**2 - 1/2*g**4 + 1/20*g**5 + j*g**3 + 0. What is m(6)?
-2
Let l(k) = 0 + 13 + k**2 + 91*k - 50*k - 55*k. Give l(13).
0
Let o(r) = r - 4. Let z(j) = j**2 + 9*j - 7. Suppose 5*c + 8 = 2*a, 0*c = 5*a - 2*c - 20. Suppose -4*i - 33 = 2*h + 11, 2*h = -a. Let q be z(i). Give o(q).
-1
Let s(d) = d + 15. Let k(h) = -2*h**3 + 58*h**2 + 3*h - 94. Let n be k(29). Give s(n).
8
Let c = -10 - -12. Suppose -3 = a + c. Let q(i) = i**3 + 5*i**2 - 2*i + 3. Determine q(a).
13
Let a(y) = -4*y + 1. Let v(x) = 2*x**2 - 3*x + 2. Let g be v(2). Suppose -2*b = 13*b. Suppose g*p - 8 = -b*p. Calculate a(p).
-7
Let y(s) = -s**3 + 8*s**2 - 7*s - 2. Suppose a + 5*h = 3*a + 25, -a + 25 = 5*h. Suppose -w + a*w = -7. Calculate y(w).
-2
Let s(a) = a**2 - 6*a - 17. Suppose 0 = -x + 2*b + 13, -x - 41*b = -37*b - 1. Determine s(x).
10
Let b(w) be the second derivative of w**5/20 - w**4